osite number?
True
Is 180617 a prime number?
True
Is 50104579 a prime number?
False
Is 3716399 composite?
True
Is 9012763 a composite number?
True
Is 7384394 a prime number?
False
Is 21594239 prime?
True
Is 775997 composite?
True
Is 183515233 composite?
True
Is 71603481 prime?
False
Is 50837951 composite?
False
Is 1056907 composite?
True
Is 40853051 a composite number?
False
Is 23003573 prime?
True
Is 17914063 a composite number?
True
Is 94793267 a prime number?
False
Is 8300417 prime?
True
Is 40859069 composite?
False
Is 3064623 composite?
True
Is 1579255 a composite number?
True
Is 324839 prime?
True
Is 8928059 a prime number?
False
Is 1829993 a prime number?
False
Is 1056271 a prime number?
True
Is 4179347 a prime number?
True
Is 4096073 prime?
True
Is 1812509 prime?
True
Is 61124941 a prime number?
True
Is 270983879 composite?
False
Is 8409503 prime?
False
Is 8499143 composite?
False
Is 7785931 a prime number?
False
Is 307186563 prime?
False
Is 559702151 a prime number?
True
Is 148867559 a composite number?
True
Is 1396055 a composite number?
True
Is 807353 a composite number?
True
Is 6990878 prime?
False
Is 19004399 a prime number?
True
Is 162984769 a composite number?
False
Is 55844177 a prime number?
True
Is 3291091 a composite number?
True
Is 1146661 prime?
True
Is 5135729 prime?
False
Is 13562429 prime?
True
Is 309953173 a prime number?
True
Is 145098021 composite?
True
Is 39135389 prime?
True
Is 18187615 a composite number?
True
Is 4469151 prime?
False
Is 101162333 prime?
False
Is 114486919 a prime number?
True
Is 8373539 composite?
False
Is 31988981 prime?
True
Is 593622074 prime?
False
Is 9180959 composite?
False
Is 4776749 composite?
False
Is 4370707 a composite number?
True
Is 306697 composite?
True
Is 7668799 a composite number?
True
Is 146259791 a prime number?
True
Is 4492573 composite?
True
Is 47522711 composite?
False
Is 464512091 prime?
False
Is 206141567 a composite number?
True
Is 21565891 a composite number?
False
Is 1233097 prime?
True
Is 307486061 a prime number?
True
Is 5577959 a prime number?
True
Is 202330409 composite?
False
Is 235699 composite?
False
Is 7485131 composite?
False
Is 51607291 prime?
False
Is 4067927 a composite number?
True
Is 26846153 prime?
False
Is 16779207 a composite number?
True
Is 1138901 prime?
True
Is 9548491 a prime number?
True
Is 28984847 prime?
False
Is 13033133 composite?
True
Is 141084967 a composite number?
True
Is 4962703 composite?
False
Is 463303807 a prime number?
True
Is 3413663 prime?
False
Is 111219233 composite?
True
Is 48666967 a composite number?
True
Is 12325681 a prime number?
True
Is 497982473 composite?
True
Is 24513263 a composite number?
False
Is 68599711 prime?
True
Is 1650487 a composite number?
False
Is 136085501 composite?
False
Is 118343969 prime?
True
Is 75178501 a composite number?
False
Is 169074677 composite?
False
Is 138279389 composite?
True
Is 3254437 prime?
True
Is 26421 composite?
True
Is 88942267 composite?
False
Is 80960281 a composite number?
True
Is 30735653 composite?
True
Is 37824517 prime?
True
Is 4260449 a prime number?
False
Is 77456971 a prime number?
True
Is 11815295 a prime number?
False
Is 23592697 composite?
False
Is 50195963 a composite number?
False
Is 20653147 prime?
False
Is 5208571 prime?
False
Is 2425222 a prime number?
False
Is 2622889 a composite number?
False
Is 48128831 a prime number?
False
Is 58534709 prime?
True
Is 31529053 a prime number?
True
Is 568967 composite?
True
Is 9628579 composite?
True
Is 98334413 a prime number?
True
Is 61735397 prime?
True
Is 58495483 a prime number?
False
Is 366109 prime?
False
Is 3737995 composite?
True
Is 8230199 a composite number?
False
Is 3660751 prime?
False
Is 22012397 composite?
True
Is 164244253 a prime number?
True
Is 943133 a composite number?
True
Is 2847011 a composite number?
False
Is 788993 a composite number?
False
Is 139066199 composite?
True
Is 2294627 prime?
True
Is 368797367 a composite number?
True
Is 29029729 a prime number?
True
Is 851381 composite?
False
Is 262775363 a prime number?
True
Is 5195123 a prime number?
True
Is 5715337 prime?
False
Is 13154681 a composite number?
True
Is 718649 a composite number?
True
Is 60473597 prime?
False
Is 19647097 prime?
True
Is 20484851 a composite number?
False
Is 1877167 composite?
True
Is 47758333 prime?
False
Is 26906143 a prime number?
False
Is 1737899 a prime number?
True
Is 30178511 composite?
True
Is 205627897 a composite number?
True
Is 115089013 composite?
True
Is 101627 prime?
True
Is 23822947 a prime number?
True
Is 382251257 a prime number?
True
Is 4357261 a prime number?
False
Is 17535431 prime?
True
Is 94284119 prime?
True
Is 10489461 composite?
True
Is 83982209 a prime number?
False
Is 16168793 prime?
False
Is 85503511 composite?
False
Is 19258881 composite?
True
Is 182838283 composite?
True
Is 2042447 prime?
False
Is 7895521 prime?
True
Is 241221 composite?
True
Is 66743603 a composite number?
False
Is 14397689 a composite number?
True
Is 2717873 prime?
True
Is 3089297 a composite number?
True
Is 1208971 a prime number?
False
Is 581683289 a prime number?
False
Is 28795847 prime?
True
Is 7312037 a prime number?
True
Is 216643766 a composite number?
True
Is 1840043 a composite number?
False
Is 501352538 composite?
True
Is 139807 prime?
False
Is 41211917 a composite number?
False
Is 43259071 a composite number?
False
Is 10120921 a composite number?
False
Is 329441311 prime?
True
Is 2972027 a composite number?
False
Is 43914887 composite?
False
Is 2184869 composite?
False
Is 69210551 composite?
False
Is 716801 composite?
True
Is 363593677 a composite number?
True
Is 77963579 composite?
True
Is 1761911 prime?
True
Is 54045407 composite?
True
Is 211831329 a prime number?
False
Is 8743067 composite?
False
Is 41603449 a composite number?
True
Is 76694213 prime?
False
Is 2761039 a prime number?
True
Is 8766454 composite?
True
Is 2642827 a prime number?
False
Is 57793133 prime?
False
Is 26838463 prime?
True
Is 3744479 a composite number?
True
Is 44397019 a composite number?
False
Is 19367903 a composite number?
False
Is 12134722 a prime number?
False
Is 12944713 a prime number?
True
Is 495345391 a prime number?
False
Is 82101377 a composite number?
True
Is 50413 prime?
False
Is 8446363 a composite number?
True
Is 43645397 a prime number?
True
Is 76869553 composite?
True
Is 282677281 a composite number?
False
Is 2372491 composite?
True
Is 3542009 prime?
True
Is 105759763 composite?
True
Is 19744003 a composite number?
True
Is 301822615 prime?
False
Is 44561557 a prime number?
False
Is 5302309 prime?
False
Is 400982171 a prime number?
True
Is 10382057 a prime number?
False
Is 111064561 composite?
False
Is 6704377 a composite number?
False
Is 1712617 a prime number?
True
Is 3052187 prime?
True
Is 1971499 a composite number?
True
Is 101586083 a composite number?
False
Is 2880521 prime?
False
Is 174671597 composite?
False
Is 96680509 composite?
False
Is 17098671 a composite number?
True
Is 8202563 prime?
False
Is 365734 composite?
True
Is 15030467 a composite number?
False
Is 943057487 a prime number?
False
Is 372819283 prime?
True
Is 14212441 a prime number?
False
Is 91572917 prime?
False
Is 2271565 a prime number?
False
Is 26747 a prime number?
False
Is 8573795 a composite number?
True
Is 163904443 composite?
False
Is 4208837 prime?
False
Is 4821961 composite?
True
Is 44297459 composite?
True
Is 242345429 composite?
False
Is 23577907 composite?
True
Is 24000791 a prime number?
True
Is 41462242 a composite number?
True
Is 46531937 composite?
False
Is 177228899 prime?
True
Is 147508019 a composite number?
False
Is 3662951 prime?
True
Is 329018861 a composite number?
True
Is 6918361 prime?
True
Is 26899643 a prime number?
True
Is 106013093 composite?
False
Is 1540885249 composite?
False
Is 2163661 composite?
True
Is 27005691 a composite number?
True
Is 167361361 a prime number?
True
Is 10425553 prime?
True
Is 72806861 a prime number?
False
Is 1514393 a composite number?
True
Is 90279331 a prime number?
False
Is 48062497 a composite number?
True
Is 65688071 a prime number?
False
Is 201145621 a composite number?
False
Is 1335157 a composite number?
False
Is 1891933 a composite number?
False
Is 11622517 prime?
True
Is 848147 a composit